{"id":448,"date":"2021-11-14T17:02:34","date_gmt":"2021-11-14T16:02:34","guid":{"rendered":"http:\/\/accompagnimage.fr\/?page_id=448"},"modified":"2022-03-28T23:14:15","modified_gmt":"2022-03-28T21:14:15","slug":"a-propos","status":"publish","type":"page","link":"http:\/\/accompagnimage.fr\/?page_id=448","title":{"rendered":"\u00c0 propos"},"content":{"rendered":"<p>[et_pb_section fb_built=\u00a0\u00bb1&Prime; _builder_version=\u00a0\u00bb4.10.6&Prime; _module_preset=\u00a0\u00bbdefault\u00a0\u00bb min_height=\u00a0\u00bb634.6px\u00a0\u00bb custom_padding=\u00a0\u00bb0px||1px|||\u00a0\u00bb global_colors_info=\u00a0\u00bb{}\u00a0\u00bb][et_pb_row _builder_version=\u00a0\u00bb4.10.6&Prime; _module_preset=\u00a0\u00bbdefault\u00a0\u00bb width=\u00a0\u00bb100%\u00a0\u00bb max_width=\u00a0\u00bb100%\u00a0\u00bb custom_padding=\u00a0\u00bb1px|||||\u00a0\u00bb global_colors_info=\u00a0\u00bb{}\u00a0\u00bb][et_pb_column type=\u00a0\u00bb4_4&Prime; _builder_version=\u00a0\u00bb4.10.3&Prime; _module_preset=\u00a0\u00bbdefault\u00a0\u00bb global_colors_info=\u00a0\u00bb{}\u00a0\u00bb][et_pb_text _builder_version=\u00a0\u00bb4.10.6&Prime; _module_preset=\u00a0\u00bbdefault\u00a0\u00bb text_font=\u00a0\u00bbBaloo 2||||||||\u00a0\u00bb text_text_color=\u00a0\u00bb#000000&Prime; text_font_size=\u00a0\u00bb38px\u00a0\u00bb background_image=\u00a0\u00bbhttp:\/\/accompagnimage.fr\/wp-content\/uploads\/2021\/08\/ImagineACC-scaled.jpg\u00a0\u00bb min_height=\u00a0\u00bb236.8px\u00a0\u00bb animation_style=\u00a0\u00bbfade\u00a0\u00bb animation_direction=\u00a0\u00bbtop\u00a0\u00bb text_text_shadow_style=\u00a0\u00bbpreset2&Prime; global_colors_info=\u00a0\u00bb{}\u00a0\u00bb]<\/p>\n<p>&nbsp;<\/p>\n<p><span style=\"color: #ffffff;\"><\/span><\/p>\n<p><span style=\"color: #ffffff;\"><\/span><span style=\"color: #ffffff;\">\u00a0\u00a0\u00a0\u00a0\u00a0\u00a0\u00a0 <\/span><\/p>\n<p><span style=\"color: #ffffff;\">\u00a0 \u00a0 \u00a0 \u00a0\u00c0 propos<br \/><\/span><\/p>\n<p>[\/et_pb_text][\/et_pb_column][\/et_pb_row][et_pb_row column_structure=\u00a0\u00bb1_2,1_2&Prime; _builder_version=\u00a0\u00bb4.10.6&Prime; _module_preset=\u00a0\u00bbdefault\u00a0\u00bb global_colors_info=\u00a0\u00bb{}\u00a0\u00bb][et_pb_column type=\u00a0\u00bb1_2&Prime; _builder_version=\u00a0\u00bb4.10.6&Prime; _module_preset=\u00a0\u00bbdefault\u00a0\u00bb global_colors_info=\u00a0\u00bb{}\u00a0\u00bb][et_pb_image src=\u00a0\u00bbhttp:\/\/accompagnimage.fr\/wp-content\/uploads\/2022\/03\/Concept-Accompagnimage-1024&#215;768.jpg\u00a0\u00bb title_text=\u00a0\u00bb\u00a9Val\u00e9rie Hue, photographe auteur, fondatrice d\u2019Accompagnimage, 2021.\u00a0\u00bb _builder_version=\u00a0\u00bb4.10.6&Prime; _module_preset=\u00a0\u00bbdefault\u00a0\u00bb custom_padding=\u00a0\u00bb||0px|||\u00a0\u00bb global_colors_info=\u00a0\u00bb{}\u00a0\u00bb][\/et_pb_image][\/et_pb_column][et_pb_column type=\u00a0\u00bb1_2&Prime; _builder_version=\u00a0\u00bb4.10.6&Prime; _module_preset=\u00a0\u00bbdefault\u00a0\u00bb global_colors_info=\u00a0\u00bb{}\u00a0\u00bb][et_pb_image src=\u00a0\u00bbhttp:\/\/accompagnimage.fr\/wp-content\/uploads\/2022\/03\/LD3533-1-1024&#215;768.jpg\u00a0\u00bb title_text=\u00a0\u00bb\u00a9Laurence Dentinger. Val\u00e9rie Hue et le Pr Sophie Dupont\u00a0\u00bb _builder_version=\u00a0\u00bb4.10.6&Prime; _module_preset=\u00a0\u00bbdefault\u00a0\u00bb global_colors_info=\u00a0\u00bb{}\u00a0\u00bb][\/et_pb_image][\/et_pb_column][\/et_pb_row][et_pb_row _builder_version=\u00a0\u00bb4.10.6&Prime; _module_preset=\u00a0\u00bbdefault\u00a0\u00bb global_colors_info=\u00a0\u00bb{}\u00a0\u00bb][et_pb_column type=\u00a0\u00bb4_4&Prime; _builder_version=\u00a0\u00bb4.10.6&Prime; _module_preset=\u00a0\u00bbdefault\u00a0\u00bb global_colors_info=\u00a0\u00bb{}\u00a0\u00bb][et_pb_text _builder_version=\u00a0\u00bb4.10.6&Prime; _module_preset=\u00a0\u00bbdefault\u00a0\u00bb global_colors_info=\u00a0\u00bb{}\u00a0\u00bb]<\/p>\n<p style=\"text-align: justify;\"><span style=\"color: #0c71c3;\"><strong>Val\u00e9rie Hue, photographe, interpr\u00e8te d&rsquo;image, dipl\u00f4m\u00e9e en \u00c9thique des soins et de la sant\u00e9. Chercheur en humanisation des soins et fondatrice d&rsquo;Accompagnimage.<\/strong><\/span><\/p>\n<p style=\"text-align: justify;\"><span style=\"color: #0c71c3;\">\u00a0Un parcours dans l\u2019image, du tirage photo pro aux soins :<\/span><\/p>\n<p style=\"text-align: justify;\"><span style=\"color: #0c71c3;\">\u00a030 ans de tirage photo en argentique et en num\u00e9rique, au service du reportage et de l\u2019information. 24 ans \u00e0 l\u2019Agence Magnum Photos, puis 6 \u00e0 Amazonas Images, avec l\u2019\u00e9quipe de Sebasti\u00e3o Salgado, pour la pr\u00e9paration de l&rsquo;exposition et des livres Genesis.<\/span><\/p>\n<p style=\"text-align: justify;\"><span style=\"color: #0c71c3;\">Grand privil\u00e8ge que d\u2019avoir travaill\u00e9 avec des photographes \u00ab\u00a0extra-ordinaires\u00a0\u00bb\u200b qui m\u2019ont fait r\u00eaver et beaucoup apprendre au travers de leurs reportages.\u00a0Et, qui m\u2019ont donn\u00e9 l\u2019envie de transmettre, de communiquer, de partager\u2026<\/span><\/p>\n<p style=\"text-align: justify;\"><span style=\"color: #0c71c3;\">\u00a0D\u2019autre part, l\u2019accompagnement \u00ab\u00a0en \u00e9quipe\u00a0\u00bb\u200b, soignante, familiale et amicale, d\u2019un proche souffrant de maladie chronique neurologique et de polypathologies depuis de nombreuses ann\u00e9es.<\/span><\/p>\n<p style=\"text-align: justify;\"><span style=\"color: #0c71c3;\">\u00c9preuve nourrie et enrichie par une reprise d\u2019\u00e9tudes, la r\u00e9daction d\u2019un m\u00e9moire, sous la direction du Dr Nadine Le Forestier, neurologue et Docteur en \u00e9thique et droit\u00a0<\/span><span style=\"color: #0c71c3;\"><span style=\"caret-color: #0c71c3;\">m\u00e9dical,\u00a0<\/span><\/span><span style=\"color: #0c71c3;\">et l\u2019obtention d\u2019un dipl\u00f4me universitaire en \u00c9thique et Pratiques de la sant\u00e9 et des soins. (M\u00e9moire disponible sur demande : Parkinson &amp; Polypathologies, une exp\u00e9rience d&rsquo;accompagnement\u00a0<span style=\"caret-color: #0c71c3;\">durable)<\/span>\u00a0<\/span><\/p>\n<p style=\"text-align: justify;\"><span style=\"color: #0c71c3;\">C\u2019est ce tissage relationnel autour de l\u2019image, de l\u2019humain et de la sant\u00e9 qui a donn\u00e9 naissance au soin de support ACCOMPAGNIMAGE\u00ae et qui me guide sur le chemin de la recherche, depuis que j\u2019ai int\u00e9gr\u00e9 en 2017, en tant que r\u00e9serviste, l\u2019Unit\u00e9 de NeuroPhysiologie du Stress du D\u00e9partement des Neurosciences et Contraintes Op\u00e9rationnelles de l\u2019IRBA, sous la direction des M\u00e9decins Chefs Marion et Fr\u00e9d\u00e9ric.<\/span><\/p>\n<p>[\/et_pb_text][\/et_pb_column][\/et_pb_row][et_pb_row column_structure=\u00a0\u00bb3_4,1_4&Prime; _builder_version=\u00a0\u00bb4.10.6&Prime; _module_preset=\u00a0\u00bbdefault\u00a0\u00bb width=\u00a0\u00bb74%\u00a0\u00bb global_colors_info=\u00a0\u00bb{}\u00a0\u00bb][et_pb_column type=\u00a0\u00bb3_4&Prime; _builder_version=\u00a0\u00bb4.10.6&Prime; _module_preset=\u00a0\u00bbdefault\u00a0\u00bb global_colors_info=\u00a0\u00bb{}\u00a0\u00bb][et_pb_text _builder_version=\u00a0\u00bb4.10.6&Prime; _module_preset=\u00a0\u00bbdefault\u00a0\u00bb text_line_height=\u00a0\u00bb1.2em\u00a0\u00bb width=\u00a0\u00bb100%\u00a0\u00bb max_width=\u00a0\u00bb100%\u00a0\u00bb custom_padding=\u00a0\u00bb2px||0px|4px||\u00a0\u00bb global_colors_info=\u00a0\u00bb{}\u00a0\u00bb]<\/p>\n<div>\n<p><b><span>Bient\u00f4t, d\u00e8s que le site<span class=\"apple-converted-space\">\u00a0<\/span><\/span><\/b><a href=\"http:\/\/valeriehue.fr\/\"><b><span>valeriehue.fr<\/span><\/b><\/a><span class=\"apple-converted-space\"><b><span>\u00a0<\/span><\/b><\/span><b><span>sera pr\u00eat, vous pourrez avoir un aper\u00e7u de mes reportages et autres travaux photographiques, hors Accompagnimage<o:p><\/o:p><\/span><\/b><\/p>\n<\/div>\n<div>\n<p><b><span>Je reste disponible pour \u00e9tudier avec vous toute demande de reportage : presse, culturel, institutionnel \u2026<o:p><\/o:p><\/span><\/b><\/p>\n<\/div>\n<div>\n<p><b><span>\u00c0 bient\u00f4t<o:p><\/o:p><\/span><\/b><\/p>\n<\/div>\n<p>[\/et_pb_text][\/et_pb_column][et_pb_column type=\u00a0\u00bb1_4&Prime; _builder_version=\u00a0\u00bb4.10.6&Prime; _module_preset=\u00a0\u00bbdefault\u00a0\u00bb global_colors_info=\u00a0\u00bb{}\u00a0\u00bb][et_pb_social_media_follow follow_button=\u00a0\u00bbon\u00a0\u00bb _builder_version=\u00a0\u00bb4.10.6&Prime; _module_preset=\u00a0\u00bbdefault\u00a0\u00bb global_colors_info=\u00a0\u00bb{}\u00a0\u00bb][et_pb_social_media_follow_network social_network=\u00a0\u00bblinkedin\u00a0\u00bb url=\u00a0\u00bbhttp:\/\/linkedin.com\/in\/val\u00e9rie-hue-645ab21b\u00a0\u00bb _builder_version=\u00a0\u00bb4.10.6&Prime; _module_preset=\u00a0\u00bbdefault\u00a0\u00bb background_color=\u00a0\u00bb#007bb6&Prime; global_colors_info=\u00a0\u00bb{}\u00a0\u00bb follow_button=\u00a0\u00bbon\u00a0\u00bb url_new_window=\u00a0\u00bbon\u00a0\u00bb]linkedin[\/et_pb_social_media_follow_network][\/et_pb_social_media_follow][\/et_pb_column][\/et_pb_row][et_pb_row column_structure=\u00a0\u00bb1_2,1_2&Prime; _builder_version=\u00a0\u00bb4.10.6&Prime; _module_preset=\u00a0\u00bbdefault\u00a0\u00bb global_colors_info=\u00a0\u00bb{}\u00a0\u00bb][et_pb_column type=\u00a0\u00bb1_2&Prime; _builder_version=\u00a0\u00bb4.10.6&Prime; _module_preset=\u00a0\u00bbdefault\u00a0\u00bb global_colors_info=\u00a0\u00bb{}\u00a0\u00bb][et_pb_image src=\u00a0\u00bbhttp:\/\/accompagnimage.fr\/wp-content\/uploads\/2021\/11\/photo-a-propos-3-1024&#215;788.jpg\u00a0\u00bb title_text=\u00a0\u00bb\u00a9V Hue Journ\u00e9e du patrimoine\u00a0\u00bb _builder_version=\u00a0\u00bb4.10.6&Prime; _module_preset=\u00a0\u00bbdefault\u00a0\u00bb hover_enabled=\u00a0\u00bb0&Prime; global_colors_info=\u00a0\u00bb{}\u00a0\u00bb sticky_enabled=\u00a0\u00bb0&Prime;][\/et_pb_image][\/et_pb_column][et_pb_column type=\u00a0\u00bb1_2&Prime; _builder_version=\u00a0\u00bb4.10.6&Prime; _module_preset=\u00a0\u00bbdefault\u00a0\u00bb global_colors_info=\u00a0\u00bb{}\u00a0\u00bb][et_pb_image src=\u00a0\u00bbhttp:\/\/accompagnimage.fr\/wp-content\/uploads\/2022\/03\/2018-10-04-5555v4-1024&#215;768.jpg\u00a0\u00bb title_text=\u00a0\u00bbJardin de Bernard, Villiers le 4\/10\/2018&Prime; _builder_version=\u00a0\u00bb4.10.6&Prime; _module_preset=\u00a0\u00bbdefault\u00a0\u00bb global_colors_info=\u00a0\u00bb{}\u00a0\u00bb][\/et_pb_image][\/et_pb_column][\/et_pb_row][\/et_pb_section]<\/p>\n","protected":false},"excerpt":{"rendered":"<p>&nbsp; \u00a0\u00a0\u00a0\u00a0\u00a0\u00a0\u00a0 \u00a0 \u00a0 \u00a0 \u00a0\u00c0 proposVal\u00e9rie Hue, photographe, interpr\u00e8te d&rsquo;image, dipl\u00f4m\u00e9e en \u00c9thique des soins et de la sant\u00e9. Chercheur en humanisation des soins et fondatrice d&rsquo;Accompagnimage. \u00a0Un parcours dans l\u2019image, du tirage photo pro aux soins : \u00a030 ans de tirage photo en argentique et en num\u00e9rique, au service du reportage et de [&hellip;]<\/p>\n","protected":false},"author":1,"featured_media":0,"parent":0,"menu_order":0,"comment_status":"closed","ping_status":"closed","template":"","meta":{"_et_pb_use_builder":"on","_et_pb_old_content":"","_et_gb_content_width":"","footnotes":""},"class_list":["post-448","page","type-page","status-publish","hentry"],"_links":{"self":[{"href":"http:\/\/accompagnimage.fr\/index.php?rest_route=\/wp\/v2\/pages\/448","targetHints":{"allow":["GET"]}}],"collection":[{"href":"http:\/\/accompagnimage.fr\/index.php?rest_route=\/wp\/v2\/pages"}],"about":[{"href":"http:\/\/accompagnimage.fr\/index.php?rest_route=\/wp\/v2\/types\/page"}],"author":[{"embeddable":true,"href":"http:\/\/accompagnimage.fr\/index.php?rest_route=\/wp\/v2\/users\/1"}],"replies":[{"embeddable":true,"href":"http:\/\/accompagnimage.fr\/index.php?rest_route=%2Fwp%2Fv2%2Fcomments&post=448"}],"version-history":[{"count":28,"href":"http:\/\/accompagnimage.fr\/index.php?rest_route=\/wp\/v2\/pages\/448\/revisions"}],"predecessor-version":[{"id":1003,"href":"http:\/\/accompagnimage.fr\/index.php?rest_route=\/wp\/v2\/pages\/448\/revisions\/1003"}],"wp:attachment":[{"href":"http:\/\/accompagnimage.fr\/index.php?rest_route=%2Fwp%2Fv2%2Fmedia&parent=448"}],"curies":[{"name":"wp","href":"https:\/\/api.w.org\/{rel}","templated":true}]}}