{"id":340,"date":"2021-09-28T16:01:42","date_gmt":"2021-09-28T14:01:42","guid":{"rendered":"http:\/\/accompagnimage.fr\/?page_id=340"},"modified":"2022-03-28T23:44:44","modified_gmt":"2022-03-28T21:44:44","slug":"le-concept","status":"publish","type":"page","link":"http:\/\/accompagnimage.fr\/?page_id=340","title":{"rendered":"\u00c0 l&rsquo;h\u00f4pital"},"content":{"rendered":"<p>[et_pb_section fb_built=\u00a0\u00bb1&Prime; _builder_version=\u00a0\u00bb4.10.3&Prime; _module_preset=\u00a0\u00bbdefault\u00a0\u00bb min_height=\u00a0\u00bb634.6px\u00a0\u00bb custom_padding=\u00a0\u00bb0px||1px|||\u00a0\u00bb global_colors_info=\u00a0\u00bb{}\u00a0\u00bb][et_pb_row _builder_version=\u00a0\u00bb4.10.6&Prime; _module_preset=\u00a0\u00bbdefault\u00a0\u00bb width=\u00a0\u00bb100%\u00a0\u00bb max_width=\u00a0\u00bb100%\u00a0\u00bb custom_padding=\u00a0\u00bb1px|||||\u00a0\u00bb global_colors_info=\u00a0\u00bb{}\u00a0\u00bb][et_pb_column type=\u00a0\u00bb4_4&Prime; _builder_version=\u00a0\u00bb4.10.3&Prime; _module_preset=\u00a0\u00bbdefault\u00a0\u00bb global_colors_info=\u00a0\u00bb{}\u00a0\u00bb][et_pb_text _builder_version=\u00a0\u00bb4.10.6&Prime; _module_preset=\u00a0\u00bbdefault\u00a0\u00bb text_font=\u00a0\u00bbBaloo 2||||||||\u00a0\u00bb text_text_color=\u00a0\u00bb#000000&Prime; text_font_size=\u00a0\u00bb38px\u00a0\u00bb background_image=\u00a0\u00bbhttp:\/\/accompagnimage.fr\/wp-content\/uploads\/2021\/08\/ImagineACC-scaled.jpg\u00a0\u00bb min_height=\u00a0\u00bb236.8px\u00a0\u00bb custom_margin=\u00a0\u00bb||-6px|||\u00a0\u00bb animation_style=\u00a0\u00bbfade\u00a0\u00bb animation_direction=\u00a0\u00bbtop\u00a0\u00bb text_text_shadow_style=\u00a0\u00bbpreset2&Prime; global_colors_info=\u00a0\u00bb{}\u00a0\u00bb]<\/p>\n<p><span style=\"color: #ffffff;\"><\/span><\/p>\n<p><span style=\"color: #ffffff;\"><\/span><\/p>\n<p><span style=\"color: #ffffff;\"><\/span><span style=\"color: #ffffff;\">\u00a0 \u00a0\u00c0 l&rsquo;h\u00f4pital<\/span><span style=\"color: #ffffff;\"><\/span><\/p>\n<p><span style=\"color: #ffffff;\"><\/span><\/p>\n<p>[\/et_pb_text][\/et_pb_column][\/et_pb_row][et_pb_row _builder_version=\u00a0\u00bb4.10.6&Prime; _module_preset=\u00a0\u00bbdefault\u00a0\u00bb link_option_url=\u00a0\u00bbhttp:\/\/www.fondation-hopale.org\/Agenda\/Exposition-Accompagnimage-un-carnet-de-voyage-a-l-hopital\u00a0\u00bb global_colors_info=\u00a0\u00bb{}\u00a0\u00bb][et_pb_column type=\u00a0\u00bb4_4&Prime; _builder_version=\u00a0\u00bb4.10.6&Prime; _module_preset=\u00a0\u00bbdefault\u00a0\u00bb global_colors_info=\u00a0\u00bb{}\u00a0\u00bb][et_pb_text _builder_version=\u00a0\u00bb4.10.6&Prime; _module_preset=\u00a0\u00bbdefault\u00a0\u00bb custom_padding=\u00a0\u00bb||0px|1px||\u00a0\u00bb global_colors_info=\u00a0\u00bb{}\u00a0\u00bb]<\/p>\n<h1><span style=\"text-decoration: underline; font-size: xx-large;\"><strong><span style=\"color: #0680cc; text-decoration: underline;\">ACTUALIT\u00c9S<\/span><\/strong><\/span><\/h1>\n<p style=\"text-align: left;\"><strong><span style=\"color: #0680cc; font-size: large;\">&#8211; Depuis septembre 2016, en immersion\u00a0<span style=\"caret-color: #0680cc;\">hebdomadaire<\/span>\u00a0en SSR Neuro du Pr Sophie Dupont ; Service de Soins de Suite et de R\u00e9adaptation neurologique, AP-HP, GH\u00a0<\/span><span style=\"color: #0680cc; font-size: large;\"><span style=\"caret-color: #0680cc;\"><b>Piti\u00e9 -Salp\u00eatri\u00e8re, DMU Neurosciences, Sorbonne Universit\u00e9. <\/b><\/span><\/span><\/strong><\/p>\n<p style=\"text-align: left;\"><strong><span style=\"color: #0680cc; font-size: large;\"><span style=\"caret-color: #0680cc;\"><b>Immersion compl\u00e9t\u00e9e par une\u00a0<\/b><\/span><\/span><\/strong><strong><span style=\"color: #0680cc; font-size: large;\">\u00e9tude exploratoire \u00ab\u00a0RegardH\u00a0\u00bb, <\/span><span style=\"color: #0680cc; font-size: large; caret-color: #0680cc;\">men\u00e9e en 2018\/2019<\/span><span style=\"color: #0680cc; font-size: large;\">\u00a0par le Dr Florence Robin, psychiatre et\u00a0<span style=\"caret-color: #0680cc;\">r\u00e9serviste<\/span>\u00a0\u00e0 l&rsquo;IRBA, Institut de\u00a0Recherche\u00a0<\/span><span style=\"color: #0680cc; font-size: 14px;\"><b><span style=\"font-size: large;\">Biom\u00e9dicale des Arm\u00e9es dans l&rsquo;\u00e9quipe <span style=\"color: #0680cc; font-size: large;\">de recherche* en NeuroPhysiologie du Stress, NPS, du Pr Marion Trousselard<\/span>.<\/span>\u00a0<\/b><\/span><span style=\"color: #0680cc; font-size: 14px;\">\u00a0L&rsquo;\u00e9<span style=\"font-size: large;\">tude porte<\/span>\u00a0<\/span><span style=\"color: #0680cc; font-size: large;\">sur\u00a0l&rsquo;impact de l&rsquo;image \u00e9thique dans le parcours de r\u00e9tablissement des patients. \u00a0Les r\u00e9sultats sont en cours de publication.<\/span><\/strong><\/p>\n<p><span style=\"font-size: x-large; color: #0680cc;\"><\/span><\/p>\n<p>[\/et_pb_text][\/et_pb_column][\/et_pb_row][et_pb_row _builder_version=\u00a0\u00bb4.10.6&Prime; _module_preset=\u00a0\u00bbdefault\u00a0\u00bb global_colors_info=\u00a0\u00bb{}\u00a0\u00bb][et_pb_column type=\u00a0\u00bb4_4&Prime; _builder_version=\u00a0\u00bb4.10.6&Prime; _module_preset=\u00a0\u00bbdefault\u00a0\u00bb global_colors_info=\u00a0\u00bb{}\u00a0\u00bb][et_pb_text _builder_version=\u00a0\u00bb4.10.6&Prime; _module_preset=\u00a0\u00bbdefault\u00a0\u00bb custom_padding=\u00a0\u00bb||0px|||\u00a0\u00bb global_colors_info=\u00a0\u00bb{}\u00a0\u00bb]<\/p>\n<p><span style=\"color: #006ac1;\"><strong>Pour des raisons de confidentialit\u00e9, les photos qui vous sont montr\u00e9es sont choisies parmi celles de soignants en activit\u00e9 professionnelle.\u00a0<\/strong><strong>Si vous souhaitez avoir une id\u00e9e plus\u00a0<span style=\"caret-color: #ff00ff;\">pr\u00e9cise<\/span>\u00a0sur la dynamique individuelle et collective, je vous invite \u00e0 me contacter pour que je vienne \u00e0 votre rencontre.<\/strong><\/span><\/p>\n<p>[\/et_pb_text][\/et_pb_column][\/et_pb_row][et_pb_row column_structure=\u00a0\u00bb1_3,1_3,1_3&Prime; _builder_version=\u00a0\u00bb4.10.6&Prime; _module_preset=\u00a0\u00bbdefault\u00a0\u00bb global_colors_info=\u00a0\u00bb{}\u00a0\u00bb][et_pb_column type=\u00a0\u00bb1_3&Prime; _builder_version=\u00a0\u00bb4.10.6&Prime; _module_preset=\u00a0\u00bbdefault\u00a0\u00bb global_colors_info=\u00a0\u00bb{}\u00a0\u00bb][et_pb_image src=\u00a0\u00bbhttp:\/\/accompagnimage.fr\/wp-content\/uploads\/2022\/02\/2021-03-19-6312-1024&#215;769.jpg\u00a0\u00bb title_text=\u00a0\u00bb\u00a9Val\u00e9rie Hue 2021-03-19-6312&Prime; _builder_version=\u00a0\u00bb4.10.6&Prime; _module_preset=\u00a0\u00bbdefault\u00a0\u00bb global_colors_info=\u00a0\u00bb{}\u00a0\u00bb][\/et_pb_image][\/et_pb_column][et_pb_column type=\u00a0\u00bb1_3&Prime; _builder_version=\u00a0\u00bb4.10.6&Prime; _module_preset=\u00a0\u00bbdefault\u00a0\u00bb global_colors_info=\u00a0\u00bb{}\u00a0\u00bb][et_pb_image src=\u00a0\u00bbhttp:\/\/accompagnimage.fr\/wp-content\/uploads\/2022\/02\/2020-09-03-2298-1024&#215;769.jpg\u00a0\u00bb title_text=\u00a0\u00bb\u00a9Val\u00e9rie Hue 2020-09-03-2298&Prime; _builder_version=\u00a0\u00bb4.10.6&Prime; _module_preset=\u00a0\u00bbdefault\u00a0\u00bb global_colors_info=\u00a0\u00bb{}\u00a0\u00bb][\/et_pb_image][\/et_pb_column][et_pb_column type=\u00a0\u00bb1_3&Prime; _builder_version=\u00a0\u00bb4.10.6&Prime; _module_preset=\u00a0\u00bbdefault\u00a0\u00bb global_colors_info=\u00a0\u00bb{}\u00a0\u00bb][et_pb_image src=\u00a0\u00bbhttp:\/\/accompagnimage.fr\/wp-content\/uploads\/2022\/02\/2019-03-22-9829-1024&#215;769.jpg\u00a0\u00bb title_text=\u00a0\u00bb\u00a9Val\u00e9rie Hue 2019-03-22-9829&Prime; _builder_version=\u00a0\u00bb4.10.6&Prime; _module_preset=\u00a0\u00bbdefault\u00a0\u00bb global_colors_info=\u00a0\u00bb{}\u00a0\u00bb][\/et_pb_image][\/et_pb_column][\/et_pb_row][et_pb_row column_structure=\u00a0\u00bb1_3,1_3,1_3&Prime; _builder_version=\u00a0\u00bb4.10.6&Prime; _module_preset=\u00a0\u00bbdefault\u00a0\u00bb global_colors_info=\u00a0\u00bb{}\u00a0\u00bb][et_pb_column type=\u00a0\u00bb1_3&Prime; _builder_version=\u00a0\u00bb4.10.6&Prime; _module_preset=\u00a0\u00bbdefault\u00a0\u00bb global_colors_info=\u00a0\u00bb{}\u00a0\u00bb][et_pb_image src=\u00a0\u00bbhttp:\/\/accompagnimage.fr\/wp-content\/uploads\/2022\/01\/Affiche-A4-2017expo-SSR-SLD-724&#215;1024.jpg\u00a0\u00bb title_text=\u00a0\u00bb\u00a9V Hue Affiche 2017expo SSR SLD\u00a0\u00bb _builder_version=\u00a0\u00bb4.10.6&Prime; _module_preset=\u00a0\u00bbdefault\u00a0\u00bb global_colors_info=\u00a0\u00bb{}\u00a0\u00bb][\/et_pb_image][\/et_pb_column][et_pb_column type=\u00a0\u00bb1_3&Prime; _builder_version=\u00a0\u00bb4.10.6&Prime; _module_preset=\u00a0\u00bbdefault\u00a0\u00bb global_colors_info=\u00a0\u00bb{}\u00a0\u00bb][et_pb_image src=\u00a0\u00bbhttp:\/\/accompagnimage.fr\/wp-content\/uploads\/2022\/03\/2018-05-25-3691v2-769&#215;1024.jpg\u00a0\u00bb title_text=\u00a0\u00bbLe Pr Sophie DUPONt, chef du service SSR Neurologie \u00a0\u00bb _builder_version=\u00a0\u00bb4.10.6&Prime; _module_preset=\u00a0\u00bbdefault\u00a0\u00bb hover_enabled=\u00a0\u00bb0&Prime; global_colors_info=\u00a0\u00bb{}\u00a0\u00bb sticky_enabled=\u00a0\u00bb0&Prime;][\/et_pb_image][\/et_pb_column][et_pb_column type=\u00a0\u00bb1_3&Prime; _builder_version=\u00a0\u00bb4.10.6&Prime; _module_preset=\u00a0\u00bbdefault\u00a0\u00bb global_colors_info=\u00a0\u00bb{}\u00a0\u00bb][et_pb_image src=\u00a0\u00bbhttp:\/\/accompagnimage.fr\/wp-content\/uploads\/2022\/03\/capt-MNH-HOP-781&#215;1024.jpg\u00a0\u00bb title_text=\u00a0\u00bbarticle MNH HOP \u00a9Paquerette Grange\u00a0\u00bb _builder_version=\u00a0\u00bb4.10.6&Prime; _module_preset=\u00a0\u00bbdefault\u00a0\u00bb global_colors_info=\u00a0\u00bb{}\u00a0\u00bb][\/et_pb_image][\/et_pb_column][\/et_pb_row][et_pb_row column_structure=\u00a0\u00bb1_3,1_3,1_3&Prime; _builder_version=\u00a0\u00bb4.10.6&Prime; _module_preset=\u00a0\u00bbdefault\u00a0\u00bb global_colors_info=\u00a0\u00bb{}\u00a0\u00bb][et_pb_column type=\u00a0\u00bb1_3&Prime; _builder_version=\u00a0\u00bb4.10.6&Prime; _module_preset=\u00a0\u00bbdefault\u00a0\u00bb global_colors_info=\u00a0\u00bb{}\u00a0\u00bb][et_pb_image src=\u00a0\u00bbhttp:\/\/accompagnimage.fr\/wp-content\/uploads\/2022\/02\/2018-06-01-3838-1024&#215;769.jpg\u00a0\u00bb title_text=\u00a0\u00bb\u00a9Val\u00e9rie Hue, internes, 2018-06-01-3838&Prime; _builder_version=\u00a0\u00bb4.10.6&Prime; _module_preset=\u00a0\u00bbdefault\u00a0\u00bb hover_enabled=\u00a0\u00bb0&Prime; global_colors_info=\u00a0\u00bb{}\u00a0\u00bb sticky_enabled=\u00a0\u00bb0&Prime;][\/et_pb_image][\/et_pb_column][et_pb_column type=\u00a0\u00bb1_3&Prime; _builder_version=\u00a0\u00bb4.10.6&Prime; _module_preset=\u00a0\u00bbdefault\u00a0\u00bb global_colors_info=\u00a0\u00bb{}\u00a0\u00bb][et_pb_image src=\u00a0\u00bbhttp:\/\/accompagnimage.fr\/wp-content\/uploads\/2022\/03\/equipe3494v-sept-18-3040-1024&#215;768.jpg\u00a0\u00bb title_text=\u00a0\u00bb\u00c9quipe SSR neuro sept \u00a9Val\u00e9rie Hue\u00a0\u00bb _builder_version=\u00a0\u00bb4.10.6&Prime; _module_preset=\u00a0\u00bbdefault\u00a0\u00bb global_colors_info=\u00a0\u00bb{}\u00a0\u00bb][\/et_pb_image][\/et_pb_column][et_pb_column type=\u00a0\u00bb1_3&Prime; _builder_version=\u00a0\u00bb4.10.6&Prime; _module_preset=\u00a0\u00bbdefault\u00a0\u00bb global_colors_info=\u00a0\u00bb{}\u00a0\u00bb][et_pb_image src=\u00a0\u00bbhttp:\/\/accompagnimage.fr\/wp-content\/uploads\/2022\/02\/2018-07-27-5302-1024&#215;769.jpg\u00a0\u00bb title_text=\u00a0\u00bb\u00a9Val\u00e9rie Hue 2018-07-27-5302&Prime; _builder_version=\u00a0\u00bb4.10.6&Prime; _module_preset=\u00a0\u00bbdefault\u00a0\u00bb global_colors_info=\u00a0\u00bb{}\u00a0\u00bb][\/et_pb_image][\/et_pb_column][\/et_pb_row][\/et_pb_section][et_pb_section fb_built=\u00a0\u00bb1&Prime; _builder_version=\u00a0\u00bb4.10.6&Prime; _module_preset=\u00a0\u00bbdefault\u00a0\u00bb custom_margin=\u00a0\u00bb||38px|||\u00a0\u00bb global_colors_info=\u00a0\u00bb{}\u00a0\u00bb][et_pb_row _builder_version=\u00a0\u00bb4.10.6&Prime; _module_preset=\u00a0\u00bbdefault\u00a0\u00bb global_colors_info=\u00a0\u00bb{}\u00a0\u00bb][et_pb_column type=\u00a0\u00bb4_4&Prime; _builder_version=\u00a0\u00bb4.10.6&Prime; _module_preset=\u00a0\u00bbdefault\u00a0\u00bb global_colors_info=\u00a0\u00bb{}\u00a0\u00bb][et_pb_text _builder_version=\u00a0\u00bb4.10.6&Prime; _module_preset=\u00a0\u00bbdefault\u00a0\u00bb custom_padding=\u00a0\u00bb0px||5px|2px||\u00a0\u00bb global_colors_info=\u00a0\u00bb{}\u00a0\u00bb]<\/p>\n<h3><strong><span style=\"font-size: large; color: #0c71c3;\"><span style=\"font-size: x-large;\">&#8211; Fondation Hopale, Centre Jacques Calv\u00e9, service EVC\/EPR<\/span><\/span><\/strong><\/h3>\n<p><strong><span style=\"color: #0c71c3; font-size: large;\">\u00ab\u00a0Galerie de portraits\u00a0\u00bb est un projet en cours de co-cr\u00e9ation avec les familles et l&rsquo;\u00e9quipe d&rsquo;accompagnement, il est subventionn\u00e9 par la DRACdans le\u00a0<span style=\"caret-color: #0c71c3;\">cadre Culture et Sant\u00e9<\/span>.<\/span><\/strong><\/p>\n<p>[\/et_pb_text][\/et_pb_column][\/et_pb_row][\/et_pb_section][et_pb_section fb_built=\u00a0\u00bb1&Prime; _builder_version=\u00a0\u00bb4.10.6&Prime; _module_preset=\u00a0\u00bbdefault\u00a0\u00bb min_height=\u00a0\u00bb385.8px\u00a0\u00bb custom_margin=\u00a0\u00bb-96px|||||\u00a0\u00bb global_colors_info=\u00a0\u00bb{}\u00a0\u00bb][et_pb_row _builder_version=\u00a0\u00bb4.10.6&Prime; _module_preset=\u00a0\u00bbdefault\u00a0\u00bb global_colors_info=\u00a0\u00bb{}\u00a0\u00bb][et_pb_column type=\u00a0\u00bb4_4&Prime; _builder_version=\u00a0\u00bb4.10.6&Prime; _module_preset=\u00a0\u00bbdefault\u00a0\u00bb global_colors_info=\u00a0\u00bb{}\u00a0\u00bb][et_pb_text _builder_version=\u00a0\u00bb4.10.6&Prime; _module_preset=\u00a0\u00bbdefault\u00a0\u00bb custom_padding=\u00a0\u00bb2px|||||\u00a0\u00bb global_colors_info=\u00a0\u00bb{}\u00a0\u00bb]<\/p>\n<p><span style=\"color: #0c71c3; font-size: xx-large;\"><strong><span style=\"text-decoration: underline;\">IMMERSIONS ANT\u00c9RIEURES EN MILIEU HOSPITALIER<\/span><\/strong><\/span><\/p>\n<div><span style=\"font-size: large;\"><span style=\"color: #0c71c3;\"><strong>La Fondation Hopale a \u00e9t\u00e9 la premi\u00e8re \u00e0 accueillir Accompagnimage\u00ae en juin 2015 dans le service post AVC et h\u00e9mipl\u00e9gie du Dr Thierry Bierla, au Centre Jacques Calv\u00e9, sous la direction de Benoit Veillard. Voici le lien avec l\u2019article publi\u00e9 lors de l\u2019exposition p\u00e9dagogique qui retrace le travail collectif men\u00e9 dans le service avec les patients, leurs soignants et leur entourage:<\/strong><\/span><\/span><\/div>\n<div><\/div>\n<p><span style=\"font-size: x-large; color: #0680cc;\"><\/span><\/p>\n<p><span style=\"font-size: large; color: #0680cc;\"><a href=\"http:\/\/www.fondation-hopale.org\/Agenda\/Exposition-Accompagnimage-un-carnet-de-voyage-a-l-hopital\"><span style=\"color: #006ac1;\">http:\/\/www.fondation-hopale.org\/Agenda\/Exposition-Accompagnimage-un-carnet-de-voyage-a-l-hopital<\/span><\/a><\/span><\/p>\n<p>&nbsp;<\/p>\n<p>[\/et_pb_text][\/et_pb_column][\/et_pb_row][\/et_pb_section]<\/p>\n","protected":false},"excerpt":{"rendered":"<p>\u00a0 \u00a0\u00c0 l&rsquo;h\u00f4pital ACTUALIT\u00c9S &#8211; Depuis septembre 2016, en immersion\u00a0hebdomadaire\u00a0en SSR Neuro du Pr Sophie Dupont ; Service de Soins de Suite et de R\u00e9adaptation neurologique, AP-HP, GH\u00a0Piti\u00e9 -Salp\u00eatri\u00e8re, DMU Neurosciences, Sorbonne Universit\u00e9. Immersion compl\u00e9t\u00e9e par une\u00a0\u00e9tude exploratoire \u00ab\u00a0RegardH\u00a0\u00bb, men\u00e9e en 2018\/2019\u00a0par le Dr Florence Robin, psychiatre et\u00a0r\u00e9serviste\u00a0\u00e0 l&rsquo;IRBA, Institut de\u00a0Recherche\u00a0Biom\u00e9dicale des Arm\u00e9es dans l&rsquo;\u00e9quipe [&hellip;]<\/p>\n","protected":false},"author":1,"featured_media":0,"parent":0,"menu_order":0,"comment_status":"closed","ping_status":"closed","template":"","meta":{"_et_pb_use_builder":"on","_et_pb_old_content":"","_et_gb_content_width":"","footnotes":""},"class_list":["post-340","page","type-page","status-publish","hentry"],"_links":{"self":[{"href":"http:\/\/accompagnimage.fr\/index.php?rest_route=\/wp\/v2\/pages\/340","targetHints":{"allow":["GET"]}}],"collection":[{"href":"http:\/\/accompagnimage.fr\/index.php?rest_route=\/wp\/v2\/pages"}],"about":[{"href":"http:\/\/accompagnimage.fr\/index.php?rest_route=\/wp\/v2\/types\/page"}],"author":[{"embeddable":true,"href":"http:\/\/accompagnimage.fr\/index.php?rest_route=\/wp\/v2\/users\/1"}],"replies":[{"embeddable":true,"href":"http:\/\/accompagnimage.fr\/index.php?rest_route=%2Fwp%2Fv2%2Fcomments&post=340"}],"version-history":[{"count":60,"href":"http:\/\/accompagnimage.fr\/index.php?rest_route=\/wp\/v2\/pages\/340\/revisions"}],"predecessor-version":[{"id":1008,"href":"http:\/\/accompagnimage.fr\/index.php?rest_route=\/wp\/v2\/pages\/340\/revisions\/1008"}],"wp:attachment":[{"href":"http:\/\/accompagnimage.fr\/index.php?rest_route=%2Fwp%2Fv2%2Fmedia&parent=340"}],"curies":[{"name":"wp","href":"https:\/\/api.w.org\/{rel}","templated":true}]}}